59316 - -98967. Is u a composite number?
True
Let x(q) be the first derivative of q**3/3 - q**2 - 37*q + 2. Is x(24) a composite number?
False
Let u = 66629 + 216138. Is u a composite number?
False
Let b(l) = 1798*l + 13. Let p be b(7). Suppose 4*f = -t + 1134 + 2000, 0 = -4*t + 5*f + p. Suppose -5*y + r + t = 0, -5*y + 3140 = 4*r + r. Is y composite?
True
Suppose -11 + 65 = 18*c. Suppose -4*q = -2*h + 2466, -4*h + 2*q + 4926 = -c*q. Is h a prime number?
True
Let w = -251554 + 521291. Is w a composite number?
True
Is (-14 - -11)/((-42)/2547454) a prime number?
False
Let b(r) = 38*r**2 - 4*r - 11. Let l be b(5). Suppose -5 = -4*s + 11. Suppose -5*x + 0*w + 3*w + 4526 = 0, s*w = -x + l. Is x prime?
True
Suppose 5*b - 5*n - 169610 = 0, b + 101*n = 104*n + 33914. Is b composite?
True
Let t(v) = 42188*v**2 - 18*v + 9. Is t(1) a prime number?
True
Let o be ((-4)/5)/((3/(-2340))/1). Suppose -o = -7*s + 3*s. Suppose -839 + s = -t. Is t a composite number?
False
Is 13 + 4 + -9 - (-37386)/2 prime?
True
Let i be (-7539)/(-2)*(-12)/9. Is -6 + (-16)/(-2) - i/2 a composite number?
True
Let z = 107 + -107. Suppose -4*q - 12 + 24 = z. Is -438*((-9)/6)/q a prime number?
False
Let h = 476 + -186. Let m be h/35 - 8/28. Suppose -m*j + 115 = -7*j. Is j prime?
False
Let h(c) = 2357*c + 173. Let o be h(9). Let b = o - -5853. Is b composite?
False
Suppose 4*j - 200802 = -22*j - 16*j. Is j a composite number?
True
Let h = -95705 + 555042. Is h a composite number?
False
Is ((-148)/(-222))/(2/(-18)) + 29669 a composite number?
False
Let c = -56 - -55. Is c/((-1)/(-15838)*-2) a composite number?
False
Let d(q) = -q**2 - 50*q - 3. Let z = -69 - -53. Is d(z) prime?
True
Let p = 530195 - 301786. Is p a composite number?
False
Let m = 286 + 496. Suppose f - m = 18879. Is f a composite number?
False
Let n = 99 + 13. Suppose 157 = -3*u + 4*r, -3*u - r - n = -u. Is (-4941)/(-11) + 10/u composite?
False
Let u(f) = f**2 + 6*f**2 - 3 - 8 + 4*f + 3*f**2. Let o be 15/(-20) + 12*27/48. Is u(o) a composite number?
False
Let o = 436 + -428. Suppose -o*h + 1911 = -16193. Is h composite?
True
Let z = 527536 + -123297. Is z composite?
True
Suppose -4*f - 5*b = -995929, -50*b = -2*f - 51*b + 497963. Is f a prime number?
True
Let d = 33 + -31. Suppose -r - d*g + 96 = 0, 0 = 2*r - 0*g - g - 212. Let w = 53 + r. Is w prime?
True
Suppose 0 = -q - f - 0*f - 1, 3*f = -9. Suppose 0*w - q*w + 5*i = -2, -4*i = 3*w - 3. Is (-2)/(2/(-211))*(w - 0) a prime number?
True
Let w(v) = -5*v - 5696*v**2 - 56*v + 5683*v**2 - 58 + v**3. Is w(27) composite?
False
Suppose -171*f + 8095736 = -83*f. Is f a composite number?
False
Let c = 197 + -212. Is 3*(-2 + (-955)/c) prime?
False
Let t be -3 + 4 + (4 - 4/2). Let j be 147/63 + -1 + 5/t. Suppose j*p = m - 100, -370 = 2*m - 5*m - 5*p. Is m a prime number?
False
Let q(l) = 3*l**3 + l**2 + 17*l + 12. Let d be q(-7). Let m = d - -2344. Is m prime?
False
Suppose 16*l - 19*l = -245217. Is l composite?
True
Let k(l) = -5*l**3 + 17*l**2 + 6*l - 11. Suppose 0 = -2*p - 15 + 1. Is k(p) a composite number?
True
Suppose 239*b - 249*b + 1137170 = 0. Is b a prime number?
True
Let o(w) = -w**2 - 21*w + 93. Let s be o(-20). Let u = -82 + s. Is u prime?
True
Suppose 3*s - 8*m = -9*m + 4308169, 0 = -5*m - 10. Is s composite?
True
Let z(f) = 16*f**3 - 7*f**2 + 6*f - 78. Is z(5) composite?
False
Suppose 324 = 12*v - 3*v. Let n = -27 + v. Suppose -831 - 3048 = -n*i. Is i composite?
False
Let q(t) = -7*t + 14. Suppose -3*x = -g - 4*x + 3, 4*x = -2*g + 12. Let u be q(g). Is (u/42)/(1/(-8166)*-2) a composite number?
False
Suppose -5*x + 2*g + 272261 = 0, -2*x - 29*g + 108887 = -24*g. Is x prime?
False
Suppose -634*n = -638*n - 5388. Let t = 2429 + n. Is t a prime number?
False
Suppose -h - 14010 = 3*l - 63721, -2*h = 3*l - 99440. Is h composite?
True
Suppose -175*j = -270*j + 124856885. Is j prime?
True
Let q(b) = 680*b**2 + 157*b + 244. Is q(-19) composite?
True
Let u(h) = 104*h**2 + 10*h - 4. Let v(d) = 207*d**2 + 19*d - 9. Let y(b) = 7*u(b) - 3*v(b). Is y(4) prime?
False
Let w = 610 - 961. Let t = w - -1182. Suppose 6*i = 3321 - t. Is i composite?
True
Suppose 0 = -6*a + 240 + 36. Let k = 52 - a. Let z(w) = w**2 + 16*w - 9. Is z(k) composite?
True
Let u be (0 - 4/(-8))/(2/12). Suppose -5*b - u*n - 12267 = -n, -5*b - 3*n = 12268. Let a = 3442 + b. Is a composite?
True
Let q(h) = 100*h**2 + 22*h + 82. Suppose 2*u = 2, 2*f + 4*u + 12 = -8. Is q(f) a prime number?
False
Let y = -18453 + 32672. Is y a composite number?
True
Suppose -481480 = -136*z + 96*z. Is z composite?
False
Suppose -1860455 = -9*d + 2*a, 318492 + 508371 = 4*d + 5*a. Is d composite?
True
Let r(g) = -5*g**2 + 616*g + 371. Is r(72) a prime number?
True
Let x = 54 - 50. Suppose 0 = 5*p - x*b + 5381, 4*p + 2*b + 5034 - 750 = 0. Let z = -670 - p. Is z a composite number?
True
Let w(j) = 133*j**2 - 108*j - 1682. Is w(-47) a prime number?
True
Is (3/(-2))/((-183)/44049198) - 4 a composite number?
True
Let a(c) = 41590*c**2 + 79*c - 10. Is a(-3) prime?
True
Let m be (-9)/12*-1*-36. Let z(i) = -52*i - 157. Is z(m) a composite number?
True
Let u be -29583 - (-3 + 1) - (-10)/2. Is u/(-20)*(-105)/(-6) composite?
True
Suppose 0 = 2*h + 10, 19 = -r + 2*r - 3*h. Suppose 49 = 16*x + 1. Suppose x*i = -2*y + 4358, -5*y - r*i = -8958 - 1937. Is y composite?
False
Let r(q) = -1210*q - 1. Suppose 17 = 4*t + 5. Suppose -4*l = h + 2, 0 - 6 = 3*h + t*l. Is r(h) composite?
True
Suppose -107*q = -99*q - 2656. Suppose 326*t + 18894 = q*t. Is t a prime number?
False
Is 7*56534 + (-13 - -9) + 3 a composite number?
False
Suppose 33*t = 36*t + 4*w - 25269, 15 = 5*w. Is t composite?
False
Let t(r) = -r**3 - 8*r**2 - 10*r - 3. Let v be t(-7). Let c(d) = -15*d - 7. Let a(p) = -14*p - 7. Let z(s) = -5*a(s) + 4*c(s). Is z(v) a prime number?
False
Let s = -1271 + 1280. Let o(g) = 35*g + 3 + 4 + 9. Is o(s) a prime number?
True
Suppose j - 16730 = -3*s + 16319, s - 11035 = -5*j. Is s a prime number?
False
Suppose 4*h - 1776 = 4760. Suppose h = -y + 10293. Is y composite?
True
Suppose 3*l - g - 1388098 = 0, -4*l + 1850795 = -154*g + 153*g. Is l prime?
True
Suppose 10308 = 4*r - 2*r. Let v = 432 + 1473. Suppose 5*h = -4*d + 4570 + v, 4*h - r = 2*d. Is h a composite number?
False
Let u = 829 + 329. Let b = u + -2142. Let y = -143 - b. Is y a composite number?
True
Let s(f) = -5*f**2 + 25 + 0*f**3 - 84*f - 3*f**3 - 6*f**2 - 30*f**2 + 4*f**3. Is s(43) a prime number?
False
Let g = 487893 + -214520. Is g prime?
False
Suppose -10*n = -25*n + 663260 - 101015. Is n a composite number?
False
Let d(q) = 118*q**2 - 10*q + 67. Let c(w) = -59*w**2 + 5*w - 33. Let h(r) = -5*c(r) - 2*d(r). Is h(5) a prime number?
True
Suppose 5*s + 71 + 20 = -3*f, -4*f + 12 = 0. Let c(g) = 10*g**2 - g - 77. Is c(s) a composite number?
False
Let d(z) = -4*z - 5. Let l be 24/16 + (-119)/(-2). Let t = l + -70. Is d(t) composite?
False
Let v(f) = 31262*f**2 - 252*f - 761. Is v(-3) prime?
True
Let b(k) be the first derivative of -30 + 5/4*k**4 + 2*k**3 - 17/2*k**2 + 11*k. Is b(7) a prime number?
True
Let k(v) = v - 1. Suppose -2*o = -3*g - 9, -2*o + 2 = 4*g - 0*g. Let u be k(o). Suppose -10*y + u*y = -3832. Is y a prime number?
True
Let r(i) = -140*i**2 - 5 + 140*i**2 - 8 - 19*i**3 + 2*i - 4*i. Let m(v) = v + 10. Let k be m(-14). Is r(k) a prime number?
False
Suppose 0 = -15*m - 2 + 107. Suppose m*n = 13*n - 1542. Is n composite?
False
Is (-1427980)/(-6)*(-5)/(150/(-45)) prime?
False
Suppose -a = -28 + 15. Suppose -a*v + 77 - 12 = 0. Suppose -5*j - m + 8290 = 0, j - v*m - 1665 = -33. Is j a prime number?
True
Is 30625 - 14/(-42)*18 prime?
True
Suppose 2*a = -5*r + 231049, 5*a - 4520 - 87887 = -2*r. Is r prime?
False
Let t(y) = 4*y + 56. Let h be t(-13). Let z(n) = 128*n**2 + 19*n + 3. Is z(h) composite?
True
Let b = 247 + -247. Suppose b = 4*f - 3433 - 15699. Is f a composite number?
False
Let n(f) = -f**3 + 20*f**2 - 3*f + 18. Let t be n(9). Let o = t + -391. Is o a composite number?
False
Let t = -195 - -201. Suppose -30321 = -t*g - 7755. Is g composite?
False
Suppose 50 = 5*k - 0*k. Let d be 2 - 422*k/(-4). Suppose 2*y - d = y. Is y prime?
False
Let b(f) be the second derivative of -80*f**3/3 - 87*f**2/2 + 43*f. Is b(-17) composite?
False
Suppose 1358*b + 759712 = 1390*b. Is b composite?